 + 72 = 2*a - 113, q = d + 5*a - 37. What is the remainder when d is divided by 21?
16
Let o(j) = 2*j**2 - 11*j - 6. Let y(k) = k + 5. Let a be y(2). Calculate the remainder when 27 is divided by o(a).
12
Let d = 2300 + -2267. Calculate the remainder when 2703 is divided by d.
30
Let q(u) = u**3 - u**2 + 28*u + 71. What is the remainder when 242 is divided by q(0)?
29
What is the remainder when (36/21)/(-4*(-2)/1764) is divided by 26?
14
Suppose -8*o = -o - 14. Suppose -5*j = -4*d - 75, o*j = -j + d + 45. Suppose 9*m = 151 + 74. Calculate the remainder when m is divided by j.
10
Let d(j) = -j**3 + 2*j - 3. Let k be d(0). What is the remainder when 19 is divided by ((-28)/(-6) - 5)/(k/45)?
4
Suppose 3*l - 22*p - 46 = -21*p, -30 = -3*l - 3*p. Let w(f) = 3*f + 5 + f - 3*f + 1. Calculate the remainder when w(l) is divided by 14.
6
Suppose 5410*p = -r + 5408*p, 3*r - 55 = 5*p. What is the remainder when 202 is divided by r?
2
Let i = 8508 + -7763. What is the remainder when i is divided by 196?
157
Suppose 15*b - 1513 - 347 = 0. Let j(a) = 24*a + 3. Let q be j(-2). Let v = 77 + q. Calculate the remainder when b is divided by v.
28
Suppose 3*t = f - 466, -3*f = -2*t + 5*t - 1386. Let n(q) = 2*q**2 - 49*q + 313. What is the remainder when f is divided by n(11)?
15
Suppose 5*p = -3*x - 28, 24*p = 25*p - 4. Calculate the remainder when 198 is divided by 1809/576*8 - (-2)/x.
23
Suppose 64*z = 39*z + 13*z + 8688. Calculate the remainder when z is divided by 273.
178
Suppose a = 7*a - 576. Let t = 167 - a. What is the remainder when 211 is divided by t?
69
Let v be (1 - 2) + 28 + 5. Suppose 10*w = 14*w - v. Let m(y) = 2*y + 33. Calculate the remainder when m(3) is divided by w.
7
Suppose 1172*w - 8832 = 1108*w. What is the remainder when 7036 is divided by w?
136
Suppose -335 = 56*l - 61*l. Suppose 2 + 14 = 4*s. Suppose -2*w = -5*g - 21, 4*g - 74 = -s*w + 10. Calculate the remainder when l is divided by w.
13
Suppose 190980 = 33*p - 16854. Calculate the remainder when p is divided by 60.
58
Suppose 2*o = -o + 12. Suppose b + 22 = p - 2*b, -b = -p + 20. What is the remainder when -2*((-162)/o + 4) is divided by p?
16
Calculate the remainder when 2/(-9) - ((-59272)/72 - -21) is divided by 72.
10
Suppose 0 = m + 5*k + 258 + 75, 4*m = 4*k - 1380. Let z = -327 - m. What is the remainder when 73 is divided by z?
9
Calculate the remainder when 1313 is divided by 6*(-5)/(-10) + -3 + 0 + 12.
5
Let k = 4155 + -4145. What is the remainder when 529 is divided by k?
9
Suppose -30 = -31*o + 29*o. Suppose -g = -0*g - 67. Let n = g + -9. Calculate the remainder when n is divided by o.
13
Suppose 0 = 3*w + 2*f - 677, 3*w - f = -2*w + 1124. Suppose 5*v - 3*z - 2*z - w = 0, 54 = v + 2*z. What is the remainder when v is divided by 22?
4
Let o(f) = 13*f - 169. Let c be o(25). Suppose g - 174 = -0*p + p, -5*p + c = g. What is the remainder when g is divided by 57?
0
Suppose 38*f + 5925 = 13*f. Let p = 241 + f. What is the remainder when 39 is divided by p?
3
Suppose 9*b - 4*b - 25 = -2*j, 0 = 3*b + 4*j - 15. Let m = 16 + -21. Calculate the remainder when b is divided by 6 + -6 - m - 4.
0
Suppose -814 = -6*z - 436. Calculate the remainder when z is divided by 295/9 + 2/9.
30
What is the remainder when (-35)/(-21)*2/(-10) - (-7768600)/651 is divided by 54?
53
Let c(l) = -466*l - 220. Let m(p) = 3*p**2 + 2*p - 3. What is the remainder when c(-1) is divided by m(-5)?
60
Suppose -3*l + 9*l - 24 = 0. Suppose -4*d + 73 = -0*d + u, 4*u - 45 = -3*d. Calculate the remainder when d is divided by l.
3
Suppose 17*u = 61*u - 14*u - 2550. Calculate the remainder when u is divided by 47.
38
Let u(o) = -o**2 + 14*o + 6. Let s be u(16). Let r = 24 + s. What is the remainder when 59 is divided by (88/7 - r) + (-6)/(-14)?
14
Suppose 13*q = 14*q + 5*v + 76, 0 = -q + 5*v - 36. Suppose 2*f + 431 = -5*p, 4*p + f + 352 = 3*f. Let i = q - p. What is the remainder when 154 is divided by i?
30
Let z = -519 + 599. Let y(h) = h**2 + 12*h + 7. Calculate the remainder when z is divided by y(-12).
3
Suppose -804*m - 1820 = -934*m. What is the remainder when 921 is divided by m?
11
Suppose 109*h - 94*h = 75. Suppose 7*d = -2*y + 6*d + 417, -y + h*d + 225 = 0. What is the remainder when y is divided by 73?
64
Suppose 3*n - 271*r = -266*r + 91, 4*n = r + 127. What is the remainder when ((-158 - -1) + -2)*-1 is divided by n?
31
Suppose 0 = -5*k - 16*k + 1617. Suppose 83*j = k*j + 24. What is the remainder when 0 - (-2 + 1 + -13) is divided by j?
2
Let j(h) = h**3 - 16*h**2 - 2*h + 52. Calculate the remainder when ((-177)/(-9))/(6/(-180)*-5) is divided by j(16).
18
Suppose 17*u - 107036 + 105608 = 0. What is the remainder when 482 is divided by u?
62
Let a(i) = 139*i**2 + 2*i + 18. Calculate the remainder when a(-3) is divided by 23.
21
Let w(m) be the first derivative of -m**4/4 + 11*m**3/3 - 5*m**2/2 - 18*m - 81. Calculate the remainder when w(8) is divided by 17.
15
Suppose 3*r - 6 - 147 = 0. Let l = r + -30. Let q = 437 + -426. Calculate the remainder when l is divided by q.
10
Suppose 0 = 5*d + 4*p - 50, 4*p = 6*p - 10. What is the remainder when 702/4 + d/(-4) is divided by 22?
20
Let u = 294 + -101. Suppose 5*p + 3*c = 263 - 2787, -p - 496 = 5*c. Let j = -493 - p. What is the remainder when u is divided by j?
11
Suppose -107*p - 202224 = -506425. Calculate the remainder when p is divided by 190.
183
Let s(x) = x + 1. Let u(j) = -44*j + 5. Let o(a) = -2*s(a) + u(a). What is the remainder when o(-4) is divided by 24?
19
Let h(b) = b**3 - b**2 + b + 5. Let t be h(0). Let o = 10 - t. What is the remainder when (-21)/(-9)*(63/9 - 4) is divided by o?
2
Suppose -5*o + 3 = -3*b - 12, 4*b + 2*o = 6. Let t(j) = j**2 - 9*j + 20. Calculate the remainder when 20 is divided by t(b).
0
Suppose 2*w - 14*u - 100 = -9*u, 2*u = w - 48. Suppose -1 = -p + 35. Suppose p = 4*z - z. What is the remainder when w is divided by z?
4
Let s(t) = 12*t + 9. Calculate the remainder when s(7) is divided by 22/(1232/1316)*(2 - 0).
46
Suppose -j + 4*j = 1350. Suppose 5*o + j = -2*t, 697 + 255 = -4*t + 3*o. Calculate the remainder when 66 is divided by 0 + (-2)/(-5) - 8131/t.
31
Let f be ((-10)/(-3))/((-72)/3348). Let m = f + 167. Calculate the remainder when 488 is divided by m.
8
Suppose 298 - 79 = 3*m. What is the remainder when m is divided by (276/230)/((-4)/(-10))?
1
Suppose y - k - 25 = 3*k, 0 = 5*y - 2*k - 71. Suppose 2*n = 5*d - 59, -34 + y = -d + 5*n. What is the remainder when 17 is divided by d + -3 + 0 - (1 - 1)?
1
Let o(f) = -89*f + 3398. What is the remainder when 1049 is divided by o(37)?
104
Suppose 2*i + 176 = 6*p - 2*p, 0 = -5*i - 4*p - 412. Let j(t) = -t**2 - 32*t - 9. Let u be j(-32). Calculate the remainder when i/u*36/8 is divided by 11.
9
Let m be (-4 + -2)/(0 - 3/2). Suppose -2*u + s = -3*s - 82, -s - 178 = -m*u. Calculate the remainder when 128 is divided by u.
38
What is the remainder when 20/14 + 892468/532 is divided by 168?
167
Let z = -188 + 279. Let c = 304 - 278. Suppose 6 = -0*a + 3*a, 3*a = w - c. What is the remainder when z is divided by w?
27
Let p = 21396 + -19107. What is the remainder when p is divided by 207?
12
Suppose 2*x = -4*d + 2*d - 2, 5*d = 3*x + 19. Suppose 249 = 3*m + d*o, -2*m + 2 = -3*o - 164. Calculate the remainder when m is divided by 37.
9
Let h(g) = -293*g**3 - 4*g**2 - 31*g - 35. Calculate the remainder when h(-2) is divided by 20.
15
Let h(p) = p**3 - p**2 - 228*p + 221. Suppose q = -3*q + 44. What is the remainder when h(-15) is divided by q?
8
Suppose -73 = -2*r + 77. Let o = -448 + 508. Suppose -l = -5*w + o, 0 = 5*w - 3*l + 12 - 62. What is the remainder when r is divided by w?
10
Let m be (-2)/4 - (-1219)/106. Let c = 19 + m. What is the remainder when 33 is divided by c?
3
Suppose 392*t = 393*t - 17. Suppose t*q + 119 - 595 = 0. Suppose r + 6 = k - 0*r, -4*k - 4*r = -24. What is the remainder when q is divided by k?
4
Let r be -1*(6 - 10)*235/4. Let h = 245 - r. What is the remainder when 149 is divided by h?
9
Let a = 26 - 22. Let w(z) = z**2 - 15*z + 49. What is the remainder when ((-6)/(-5))/(7/35) is divided by w(a)?
1
Let i be 0/(-8 + 6 + 0). Suppose i = 12*o - 221 + 77. What is the remainder when o is divided by (-2)/(-11) - 225/(-33)?
5
Let k = 4886 + -4529. Let a =